culate the remainder when 310 is divided by 306.
4
What is the remainder when 100 is divided by 21?
16
What is the remainder when 10469 is divided by 56?
53
Calculate the remainder when 7 is divided by 3.
1
Calculate the remainder when 100 is divided by 27.
19
What is the remainder when 223 is divided by 3?
1
Calculate the remainder when 380 is divided by 133.
114
Calculate the remainder when 5458 is divided by 12.
10
Calculate the remainder when 130 is divided by 8.
2
Calculate the remainder when 42 is divided by 20.
2
What is the remainder when 3166 is divided by 44?
42
Calculate the remainder when 323 is divided by 66.
59
What is the remainder when 154 is divided by 24?
10
What is the remainder when 8231 is divided by 168?
167
What is the remainder when 58308 is divided by 119?
117
Calculate the remainder when 2574 is divided by 2574.
0
Calculate the remainder when 189 is divided by 13.
7
What is the remainder when 111 is divided by 80?
31
Calculate the remainder when 387 is divided by 21.
9
Calculate the remainder when 55 is divided by 37.
18
Calculate the remainder when 211 is divided by 43.
39
Calculate the remainder when 641 is divided by 28.
25
Calculate the remainder when 1011 is divided by 85.
76
Calculate the remainder when 7034 is divided by 31.
28
What is the remainder when 1675 is divided by 333?
10
Calculate the remainder when 158 is divided by 66.
26
Calculate the remainder when 13035 is divided by 106.
103
Calculate the remainder when 1919 is divided by 31.
28
Calculate the remainder when 2398 is divided by 20.
18
What is the remainder when 1499 is divided by 50?
49
Calculate the remainder when 234 is divided by 51.
30
What is the remainder when 927 is divided by 15?
12
What is the remainder when 996 is divided by 13?
8
Calculate the remainder when 10 is divided by 7.
3
Calculate the remainder when 173 is divided by 15.
8
What is the remainder when 277 is divided by 123?
31
What is the remainder when 306 is divided by 28?
26
What is the remainder when 752 is divided by 13?
11
Calculate the remainder when 202 is divided by 70.
62
Calculate the remainder when 284 is divided by 101.
82
Calculate the remainder when 403 is divided by 45.
43
What is the remainder when 234 is divided by 27?
18
Calculate the remainder when 717 is divided by 90.
87
What is the remainder when 202 is divided by 41?
38
What is the remainder when 11522 is divided by 102?
98
What is the remainder when 7288 is divided by 135?
133
What is the remainder when 342 is divided by 97?
51
What is the remainder when 17 is divided by 3?
2
What is the remainder when 76 is divided by 11?
10
Calculate the remainder when 1136 is divided by 190.
186
Calculate the remainder when 659 is divided by 13.
9
Calculate the remainder when 28 is divided by 15.
13
What is the remainder when 1426 is divided by 13?
9
What is the remainder when 321 is divided by 157?
7
Calculate the remainder when 333 is divided by 14.
11
What is the remainder when 42 is divided by 19?
4
What is the remainder when 83 is divided by 17?
15
Calculate the remainder when 1874 is divided by 134.
132
Calculate the remainder when 286 is divided by 9.
7
Calculate the remainder when 52 is divided by 18.
16
Calculate the remainder when 3515 is divided by 16.
11
Calculate the remainder when 132 is divided by 69.
63
Calculate the remainder when 188 is divided by 63.
62
Calculate the remainder when 16746 is divided by 212.
210
What is the remainder when 631 is divided by 128?
119
What is the remainder when 643 is divided by 179?
106
Calculate the remainder when 163 is divided by 84.
79
Calculate the remainder when 305 is divided by 44.
41
What is the remainder when 1606 is divided by 7?
3
Calculate the remainder when 487 is divided by 68.
11
Calculate the remainder when 1110 is divided by 8.
6
What is the remainder when 131 is divided by 4?
3
Calculate the remainder when 76 is divided by 45.
31
Calculate the remainder when 99 is divided by 47.
5
What is the remainder when 103 is divided by 26?
25
Calculate the remainder when 484 is divided by 9.
7
What is the remainder when 677 is divided by 56?
5
Calculate the remainder when 3155 is divided by 449.
12
What is the remainder when 556 is divided by 51?
46
What is the remainder when 37 is divided by 37?
0
Calculate the remainder when 335 is divided by 56.
55
Calculate the remainder when 523 is divided by 131.
130
What is the remainder when 93 is divided by 59?
34
What is the remainder when 87 is divided by 20?
7
Calculate the remainder when 2859 is divided by 13.
12
What is the remainder when 1290 is divided by 27?
21
What is the remainder when 2518 is divided by 11?
10
What is the remainder when 20757 is divided by 60?
57
What is the remainder when 200 is divided by 51?
47
Calculate the remainder when 787 is divided by 33.
28
Calculate the remainder when 142 is divided by 25.
17
What is the remainder when 38 is divided by 13?
12
What is the remainder when 935 is divided by 920?
15
What is the remainder when 577 is divided by 34?
33
Calculate the remainder when 76 is divided by 51.
25
Calculate the remainder when 554 is divided by 15.
14
What is the remainder when 975 is divided by 96?
15
What is the remainder when 130 is divided by 118?
12
Calculate the remainder when 487 is divided by 98.
95
What is the remainder when 596 is divided by 574?
22
Calculate the remainder when 104 is divided by 27.
23
Calculate the remainder when 350 is divided by 8.
6
What is the remainder when 260 is divided by 44?
40
What is the remainder when 453 is divided by 38?
35
Calculate the remainder when 2723 is divided by 39.
32
Calculate the remainder when 1945 is divided by 648.
1
Calculate the remainder when 81830 is divided by 106.
104
What is the remainder when 858 is divided by 237?
147
What is the remainder when 87 is divided by 55?
32
What is the remainder when 358 is divided by 21?
1
Calculate the remainder when 334 is divided by 56.
54
What is the remainder when 153 is divided by 22?
21
What is the remainder when 1539 is divided by 75?
39
What is the remainder when 105 is divided by 37?
31
What is the remainder when 379 is divided by 95?
94
Calculate the remainder when 490 is divided by 33.
28
Calculate the remainder when 418 is divided by 106.
100
What is the remainder when 338 is divided by 85?
83
Calculate the remainder when 381 is divided by 44.
29
What is the remainder when 389 is divided by 13?
12
Calculate the remainder when 115 is divided by 39.
37
What is the remainder when 1001 is divided by 64?
41
What is the remainder when 87 is divided by 19?
11
Calculate the remainder when 123 is divided by 36.
15
Calculate the remainder when 4026 is divided by 1005.
6
Calculate the remainder when 7836 is divided by 80.
76
Calculate the remainder when 481 is divided by 16.
1
Calculate the remainder when 119 is divided by 26.
15
Calculate the remainder when 321 is divided by 38.
17
What is the remainder when 2164 is divided by 22?
8
Calculate the remainder when 1080 is divided by 126.
72
What is the remainder when 94 is divided by 25?
19
Calculate the remainder when 144 is divided by 19.
11
Calculate the remainder when 2456 is divided by 210.
146
Calculate the remainder when 5745 is divided by 115.
110
What is the remainder when 2926 is divided by 584?
6
What is the remainder when 4772 is divided by 62?
60
Calculate the remainder when 250 is divided by 16.
10
What is the remainder when 535 is divided by 134?
133
What is the remainder when 2809 is divided by 45?
19
Calculate the remainder when 282 is divided by 73.
63
What is the remainder when 505 is divided by 43?
32
Calculate the remainder when 117 is divided by 39.
0
What is the remainder when 996 is divided by 268?
192
What is the remainder when 7613 is divided by 94?
93
Calculate the remainder when 13503 is divided by 422.
421
Calculate the remainder when 797 is divided by 133.
132
Calculate the remainder when 205 is divided by 57.
34
Calculate the remainder when 456 is divided by 66.
60
What is the remainder when 453 is divided by 19?
16
Calculate the remainder when 1209 is divided by 24.
9
What is the remainder when 3225 is divided by 95?
90
Calculate the remainder when 439 is divided by 131.
46
Calculate the remainder when 2